 what is -101101001 - -1110110?
-11110011
In base 2, what is 11000011010101010 - -10100111?
11000011101010001
In base 13, what is -3181a38 + 19?
-3181a1c
In base 15, what is 0 - 48dabd6?
-48dabd6
In base 3, what is 2 - -12121001122012?
12121001122021
In base 14, what is 16b633016 - -4?
16b63301a
In base 3, what is 0 - -20010111120020?
20010111120020
In base 2, what is 11000100111110010000101 + -101?
11000100111110010000000
In base 8, what is -401 + 1307346?
1306745
In base 4, what is 3123232200300 - -13?
3123232200313
In base 4, what is 1231 - 100133131031?
-100133123200
In base 3, what is 1 - 11002020111001020?
-11002020111001012
In base 2, what is -1111 - 1110011010000011010?
-1110011010000101001
In base 16, what is -e4 + 224c?
2168
In base 15, what is -3bac - -12d9?
-28c3
In base 10, what is 98869 - 15?
98854
In base 10, what is -1083 - 59917?
-61000
In base 11, what is -4493 - -670?
-3923
In base 3, what is 1212200 - -2000121001?
2002110201
In base 3, what is 1100222110222120 + 0?
1100222110222120
In base 5, what is -1203 + 3332440?
3331232
In base 5, what is -313034 - -432?
-312102
In base 7, what is -3065 + -2064344?
-2100442
In base 8, what is -631 - 413304?
-414135
In base 16, what is -129584 + 5?
-12957f
In base 3, what is -11 + -22022220211202?
-22022220211220
In base 16, what is -41 - -539d4?
53993
In base 2, what is 100100100010111001110101010 + -10?
100100100010111001110101000
In base 11, what is -9a5220 + 0?
-9a5220
In base 6, what is 1530 + -555440?
-553510
In base 4, what is -3121 - 303300013?
-303303200
In base 3, what is -222012 + 201110212120?
201102220101
In base 3, what is -10010101012 + 1112210?
-10001211102
In base 12, what is -215 + -3b852?
-3ba67
In base 12, what is -8934 + 12b?
-8805
In base 7, what is -5 + -200551230?
-200551235
In base 3, what is 0 + 102112201201112102?
102112201201112102
In base 12, what is -50739130 - -3?
-50739129
In base 4, what is 123310310313 + 10?
123310310323
In base 13, what is 6 - 2c678?
-2c672
In base 5, what is -110144140 - 1241?
-110200431
In base 6, what is -1514104 + -5?
-1514113
In base 10, what is 166469 + -1239?
165230
In base 7, what is -21354613 - 4?
-21354620
In base 4, what is 0 + -123313211131?
-123313211131
In base 3, what is -200012110010 + 101100?
-200012001210
In base 6, what is 203110 + -341541?
-134431
In base 12, what is -5 + 520469?
520464
In base 10, what is -2403 + -5476?
-7879
In base 9, what is 17 - -506670?
506687
In base 10, what is -136 - -3666?
3530
In base 11, what is -2151 - -6000?
395a
In base 9, what is -464220 - -1166?
-463043
In base 3, what is 110022121111202201 - 0?
110022121111202201
In base 14, what is -c01 + -8663?
-9464
In base 13, what is 463447 - -26?
463470
In base 16, what is 827 + fe53?
1067a
In base 2, what is 1010101011111011001000010 - -101?
1010101011111011001000111
In base 14, what is -a9 + baa2?
b9d7
In base 14, what is -115a6 + 14?
-11592
In base 4, what is 132332 - 30320?
102012
In base 4, what is 1333031123203 + 0?
1333031123203
In base 10, what is -3027 - -3320?
293
In base 4, what is -11202133 - 1103200?
-12311333
In base 7, what is 6024621 + -24?
6024564
In base 15, what is -7 - -17421b?
174214
In base 9, what is -1472222133 + 4?
-1472222128
In base 14, what is -a0 + -4a6257?
-4a6317
In base 14, what is -1b78c - -8c9?
-1aca3
In base 3, what is 12211112211 - -100211012?
20012101000
In base 10, what is 4 + 1356016?
1356020
In base 9, what is 2 - 1408424?
-1408422
In base 2, what is -10000111011100000 - -1111111?
-10000111001100001
In base 8, what is 1 + 32670736?
32670737
In base 11, what is 830 - -129584?
12a304
In base 11, what is -892a78 - -138?
-892940
In base 15, what is -63a76 - 96?
-63b1c
In base 15, what is -46 + -32687?
-326cd
In base 4, what is 2101012301 - -102?
2101013003
In base 6, what is 203344350 + 10?
203344400
In base 13, what is ac466 - -88?
ac521
In base 12, what is 47a - -12252?
12710
In base 3, what is -100111102 - -202202?
-22201200
In base 8, what is -33 + 715526?
715473
In base 11, what is -87308a - 3?
-873092
In base 7, what is -2330123 + -1122?
-2331245
In base 16, what is 284b + 442?
2c8d
In base 15, what is -7 + -1c1b16?
-1c1b1d
In base 7, what is -21013421406 - 0?
-21013421406
In base 7, what is 26 - -30256653?
30260012
In base 10, what is 1930 + 540?
2470
In base 4, what is 1233330223 - -23?
1233330312
In base 9, what is 1 - 3613354?
-3613353
In base 3, what is -11022012100121112 + -1?
-11022012100121120
In base 14, what is -a66cb5 + 5?
-a66cb0
In base 15, what is 5ca7 - 1ceb?
3eab
In base 13, what is -377131a - -2c?
-37712bb
In base 9, what is -421681 - 184?
-421875
In base 11, what is 3852721 + 2?
3852723
In base 8, what is 22071 - -4046?
26137
In base 15, what is -1 + 671583?
671582
In base 5, what is 200112420 - -1233?
200114203
In base 6, what is 4 + -11503441?
-11503433
In base 13, what is 319b69718 - 0?
319b69718
In base 16, what is -531d - 91?
-53ae
In base 13, what is 423 - 5b4b?
-5728
In base 12, what is 444a0327 - -7?
444a0332
In base 11, what is -2 + -205a333?
-205a335
In base 11, what is -3 + -52307645?
-52307648
In base 16, what is 75b8b - 5?
75b86
In base 9, what is -18 - 15715580?
-15715608
In base 10, what is -3 - 15173080?
-15173083
In base 8, what is 7727 + -11035?
-1106
In base 5, what is 0 - 2432241243?
-2432241243
In base 16, what is 36 + 27f5?
282b
In base 2, what is 1010100100 - -10110100000110110?
10110101011011010
In base 12, what is -19 - 13122a1?
-13122ba
In base 15, what is 81 - -62151?
621d2
In base 8, what is -15070147 + -22?
-15070171
In base 12, what is -36 - -7825?
77ab
In base 13, what is 1981881 - -22?
19818a3
In base 12, what is 1 + b05853?
b05854
In base 7, what is -3 + 5356354?
5356351
In base 8, what is 10 + 72041234?
72041244
In base 14, what is 4 - 10b368c?
-10b3688
In base 14, what is 2a2b + -159c?
146d
In base 12, what is -143b - b070?
-104ab
In base 2, what is 100 + 1010000010111010110101001?
1010000010111010110101101
In base 4, what is -22 + -10000301203230?
-10000301203312
In base 7, what is -15346 - -11310?
-4036
In base 15, what is -a + 12c15e7?
12c15dc
In base 8, what is 323 + 457641?
460164
In base 3, what is 100100002222201101 + -11?
100100002222201020
In base 9, what is 4664 - -7577?
13352
In base 3, what is 100110 - -2111121101012?
2111121201122
In base 8, what is -2 - 727333043?
-727333045
In base 10, what is 3062 - 90525?
-87463
In base 13, what is 110c51 + 294?
111215
In base 15, what is 4a53 + 45d?
4eb1
In base 2, what is -101101001110 + 10110001001000?
10000011111010
In base 5, what is 30342333404 + -2?
30342333402
In base 5, what is -10122232342 + -21?
-10122232413
In base 9, what is -1037331 + -36?
-1037367
In base 10, what is 2 - 54698?
-54696
In base 6, what is 0 - -45341442?
45341442
In base 9, what is -545226 - 40?
-545266
In base 4, what is -1 - 13313020333202?
-13313020333203
In base 8, what is -77701 - -17563?
-60116
In base 13, what is 893 - -939b?
9c61
In base 10, what is -1715111 - 8?
-1715119
In base 3, what is -220 + 2011011201021020?
2011011201020100
In base 11, what is 26499 + -3411?
23088
In base 3, what is 2110200020012 - -10?
2110200020022
In base 2, what is -1000000 + 100100111101111101101010?
100100111101111100101010
In base 10, what is 2005 + -29690?
-27685
In base 2, what is -110011010111011111101 + 101010?
-110011010111011010011
In base 8, what is -20 - 15335056?
-15335076
In base 15, what is 32d - 1494ee?
-1491c1
In base 2, what is 100101010110010100 + 11101?
100101010110110001
In base 7, what is 2432660045 - 5?
2432660040
In base 11, what is 101135 + -32?
101103
In base 14, what is b + 4a6850?
4a685b
In base 5, what is 1343131 + -3143?
1334433
In base 11, what is 644 - -151119?
151762
In base 10, what is 564 - 30518?
-29954
In base 16, what is 2 + -9ba724?
-9ba722
In base 2, what is -100111001111 + -1001100011000111001?
-1001101000000001000
In base 12, what is -aa + 18a1b0?
18a102
In base 4, what is -2 + 12111111321300?
12111111321232
In base 10, what is -1370329345 + -1?
-1370329346
In base 10, what is -1629 - -787?
-842
In base 5, what is 2 + -1012232314024?
-1012232314022
In base 3, what is 21021222 + 11121002202?
11212101201
In base 4, what is 333 - -32103202?
32110201
In base 4, what is -212301 + 100322?
-11131